36
Let j(k) = k**2 - 6*k - 7. Let v be j(7). Suppose -4*n - n - 80 = v. Let f = -7 - n. Calculate the remainder when f is divided by 5.
4
Suppose 2*q = 4*g + 544, 2*g - 3*g = 2*q + 141. Let l = -54 - g. What is the remainder when l is divided by 14?
13
Suppose 2*v = -d + 134, -60 = 6*v - 7*v - 4*d. Calculate the remainder when v is divided by 37.
31
Let v be (-3)/(-3)*47 - 4. Suppose 5*j - 12 = v. What is the remainder when j is divided by (-3)/(-6)*(-24)/(-2)?
5
Let i = 48 + -48. Suppose i = 5*g - 9*g + 44. What is the remainder when 42 is divided by g?
9
Suppose 0 = -61*o + 60*o + 497. Suppose -15*x = -8*x - o. What is the remainder when x is divided by 18?
17
Let m be 3/1*(-15)/(-9). Suppose b = m - 0. Let d = 36 - 17. What is the remainder when d is divided by b?
4
Let g = -3 + 8. Suppose 6*c = g*c + 21. Calculate the remainder when c is divided by 4.
1
Let u(x) = -x**2 + 13*x - 8. Let y be u(11). Suppose -2*n + 1 = 5*p, 0 = 4*n - p - p - y. Calculate the remainder when 2 is divided by 1 + (n - 4)*-1.
0
Let h(o) = o**2 + 7*o - 30. Let j be h(-10). Suppose 10*w - 4*w - 174 = j. What is the remainder when 80 is divided by w?
22
Suppose 0 = 2*w - 5*w + 42. Let i be 214/14 - 4/w. Suppose -2*x + 93 - i = 0. Calculate the remainder when x is divided by 10.
9
Suppose 0 = o - 5*o. Let y = o - -7. Let b = y - -40. What is the remainder when b is divided by 16?
15
Let u = 722 + -597. Calculate the remainder when u is divided by 8.
5
Let y(b) = b**3 + 3*b**2 - 4*b + 4. Let t be y(-4). Suppose -t*x = p + 2*p - 8, -p + 3*x - 19 = 0. What is the remainder when (-2)/24*p*42 is divided by 4?
2
Let g = 33 - 29. Let w(u) = 3*u**2 - u. Let f be w(1). Calculate the remainder when (-1 + f)*(-52)/(-4) is divided by g.
1
Let h(t) = t**3 + 7*t**2 + 2. Let a be h(-7). Suppose -a*y = -3*y + 4. Let z = -152 + 157. Calculate the remainder when z is divided by y.
1
Let z = 17 + -18. Let w = z + 6. Calculate the remainder when 193/w + 2/5 is divided by 21.
18
Suppose -10 = 5*t, 4*t = -m + 1 - 5. Suppose -m + 80 = 2*k. Calculate the remainder when k is divided by (20/3*-3)/(-1).
18
Suppose -11*g = -19*g + 32. Calculate the remainder when g is divided by 2.
0
Suppose 59 = 4*g - 65. Calculate the remainder when g is divided by (9/27)/((-2)/(-114)).
12
Suppose 4*u = 4*q - 3*q - 45, 0 = 2*q - 5*u - 102. Let k = q - 99. Calculate the remainder when (3 + -4)*k/1 is divided by 8.
6
Suppose -7*n + 3*n + 4 = 0. Let f be (n*(-36)/(-3))/1. Let p = f - -10. What is the remainder when p is divided by 8?
6
Let u(m) = m**2 - 3*m. Let q be 2*(-15)/(-24)*4. Let i(f) = -f**3 - 3*f**2 - 2*f - 2. What is the remainder when u(q) is divided by i(-3)?
2
Suppose 14*z = 10*z. Suppose -92 = -2*l - z*l. Suppose 4*x + 5*h - l = 0, -h = -3*x - 2*x + 72. What is the remainder when 27 is divided by x?
13
Let f = -28 - -13. Calculate the remainder when (65/f + 4)*-351 is divided by 20.
17
Suppose 3*p - 387 = 3*s, 0*p = 3*p - 4*s - 392. Let l(m) = 22*m - 54. What is the remainder when l(4) is divided by p/10 - 4/10?
10
Suppose 5*n + 5 = 0, 4*l - 29 + 6 = -n. Suppose 12 = 4*f, -i + 92 = -l*i + 4*f. Calculate the remainder when 7 is divided by (-2)/(-8) - 28/i.
1
Let j(f) = f**2 + 6*f + 17. Let p(g) = -g**2 - 9*g + 5. Let i be p(-10). Suppose -3*s + 32 - 11 = 0. What is the remainder when j(i) is divided by s?
5
Suppose 2*b = 8, -62 = -2*t + 2*b - b. Let x(c) = 14*c + 18. Calculate the remainder when x(8) is divided by t.
31
Let j(z) = z**2 - 16*z + 4. Suppose 5*n - 39 = -2*i + 5, i - 27 = -5*n. Calculate the remainder when j(i) is divided by 13.
8
Suppose 2*j - 105 = 5*t, 4*j - 9*j + 251 = -t. What is the remainder when 84 is divided by j?
34
Suppose -70 = -2*h + 4*s, 0*s - s - 112 = -4*h. Let q = h - 6. Calculate the remainder when 75 is divided by q.
12
Let k = -450 - -797. Suppose -19 = 4*s - k. Calculate the remainder when s is divided by 18.
10
Let a be ((-1)/(3/6))/(-2). Let i = a + 4. Let w(q) = -q - 1. What is the remainder when i is divided by w(-3)?
1
Let l = -69 - -72. Suppose 66 = 5*z + 2*q, l*z - 40 - 8 = -4*q. What is the remainder when 81 is divided by z?
9
Let j(i) = -2*i**2 - 6*i - 9. Let u be j(-5). Let x = 85 + u. What is the remainder when 109 is divided by x?
53
Let b be 12 - 10 - (0 + -55). Let n = 102 - b. What is the remainder when n is divided by 12?
9
Suppose -5*q = -5*t, 5*t - 2*q + 4 = -2. Let a = t - -5. Suppose -19 = -a*m + 2*m. What is the remainder when 36 is divided by m?
17
Let k be (2 - 3/1)*4. Suppose y - 183*q = -188*q + 45, 0 = 5*q - 5. Calculate the remainder when y is divided by ((-46)/k - 1)*2.
19
Let m(p) = -5 - 88*p + 0 + 4. Calculate the remainder when m(-1) is divided by 22.
21
Suppose 25*l = 561 + 539. What is the remainder when l is divided by 15?
14
Suppose 0 = 2*z + 4*m - 114, 4*z + 6*m = 2*m + 208. What is the remainder when z is divided by 17?
13
Let b(h) = h**2 - 8*h - 1. Let o be b(5). Calculate the remainder when 53 + o + 3*-1 is divided by 18.
16
Let w be 3 + 2/(-1) - -30. Suppose 3*x - w = 14. Calculate the remainder when 74 is divided by x.
14
What is the remainder when 141 is divided by 2 + 4/4 + 10?
11
Suppose -2*c + 20 = 12. Suppose -4*f + 488 = c*x, -2*x + 7*x - 3*f - 610 = 0. Calculate the remainder when x is divided by 2*(-1 + (-66)/(-4)).
29
Let i = 4 - 45. Let j = -24 - i. What is the remainder when j is divided by 6?
5
Suppose 5*l - 671 = -4*k, 2*l - 410 = 2*k - 156. What is the remainder when l is divided by 64?
3
Let b = 101 + -70. What is the remainder when b is divided by 16/(-6)*6/(-4)?
3
Let k = 124 + -89. Suppose -k - 9 = -m. What is the remainder when m is divided by 17?
10
Let l(z) = -19*z - 84. Calculate the remainder when l(-8) is divided by 35.
33
Calculate the remainder when 63 is divided by 91/(-13) + (11 - -1).
3
Let z(v) = -2*v**2 - 13*v + 9. Let h be z(-7). Suppose h*a = -4*f + 236, -2*f - 27 = -a - 141. Calculate the remainder when f is divided by 30.
28
Let g be 28/6 - (-6)/(-9). Suppose -17 + 81 = g*v. Suppose -5*o + 160 = 9*m - 12*m, -4*o - 4*m + 96 = 0. What is the remainder when o is divided by v?
13
Let v(p) = -p**3 - 7*p**2 - 32*p + 15. Calculate the remainder when v(-8) is divided by 26.
23
Suppose -43*o + 275 = -38*o. What is the remainder when o is divided by 19?
17
Let u be (-2)/7 + 340/(-35). Suppose -3*x + 8*x = 25, -5*w = 2*x - 35. Calculate the remainder when u/(-2) - 2/(-1) is divided by w.
2
Let o(x) = -5*x**3 + 2*x + 2. Let g be o(-2). Let h = -9 + g. Let j = 6 - -10. Calculate the remainder when h is divided by j.
13
Let y = -5 - -7. Let c(q) = q**3 - 25*q**2 + 5. Let w be c(25). Suppose y*o = -4*i + 80, -w*i - o + 94 = -0*o. Calculate the remainder when 51 is divided by i.
15
Suppose -l = -0*l - 47. Let f = -107 - -247. Calculate the remainder when f is divided by l.
46
Let l(z) be the first derivative of -6*z**2 - 6*z - 2. Suppose 2*j - 38 = 6. What is the remainder when l(-4) is divided by j?
20
Let v(u) = u**3 - 9*u**2 + 17*u - 17. Suppose 17 = 4*z - 3*a, -3*z + 17 = -0*a + 2*a. Calculate the remainder when 7 + z + 1 + -3 is divided by v(7).
2
Suppose 7*o = 10*o, -4*w + 36 = o. Let z be 1/(((-5)/(-4))/(-5)). Let s(c) = -3*c + 3. Calculate the remainder when s(z) is divided by w.
6
Let x(f) = -f**2 - 40*f - 169. What is the remainder when 113 is divided by x(-5)?
5
Let y(g) = 3*g**2 - 4*g - 27. Suppose -12*s = -15*s - 12. Let p = 6 - -4. What is the remainder when y(s) is divided by p?
7
Let b(i) = i**2 - 32*i + 70. Suppose d - 1 = -s - 2, -s = 2*d. What is the remainder when 30 - (-3)/6*s is divided by b(30)?
9
Let k = -851 + 862. Calculate the remainder when 174 is divided by k.
9
Suppose -5*p + 3*p + 146 = 0. Suppose -21*c = -23*c + 5*v + 91, 0 = c + 2*v - 32. Calculate the remainder when p is divided by c.
35
Suppose -2*s = 2*s - o - 315, s = 2*o + 77. What is the remainder when s is divided by 10?
9
Let o = 1201 + -1120. What is the remainder when o is divided by (-2)/6 - (-260)/6?
38
Suppose 0 = 3*y - 2*t + 48, 0 = 2*y - 4*y - 3*t - 32. Let f = 11 - 23. Let q = f - y. Calculate the remainder when 9 is divided by q.
1
Suppose -37*l + 935 = -32*l. What is the remainder when l is divided by 6?
1
Suppose -17 = -3*x + 2*u, 4*x - 9 = 5*u + 9. What is the remainder when -2 + ((-7)/(-28) - (-99)/